{"id":123,"date":"2023-12-12T14:08:55","date_gmt":"2023-12-12T14:08:55","guid":{"rendered":"https:\/\/vvpersonal.ch\/?page_id=123"},"modified":"2023-12-12T14:18:08","modified_gmt":"2023-12-12T14:18:08","slug":"impressum","status":"publish","type":"page","link":"https:\/\/vvpersonal.ch\/?page_id=123","title":{"rendered":"Impressum"},"content":{"rendered":"<p>[et_pb_section fb_built=&#8221;1&#8243; custom_padding_last_edited=&#8221;on|desktop&#8221; admin_label=&#8221;Header&#8221; _builder_version=&#8221;4.23.1&#8243; use_background_color_gradient=&#8221;on&#8221; background_color_gradient_type=&#8221;circular&#8221; background_color_gradient_direction_radial=&#8221;top left&#8221; background_color_gradient_stops=&#8221;rgba(0,79,140,0.34) 0%|rgba(0,56,94,0.95) 50%&#8221; background_color_gradient_overlays_image=&#8221;on&#8221; background_color_gradient_start=&#8221;rgba(0,79,140,0.34)&#8221; background_color_gradient_end=&#8221;rgba(0,56,94,0.95)&#8221; background_color_gradient_end_position=&#8221;50%&#8221; background_image=&#8221;http:\/\/vvpersonal.ch\/wp-content\/uploads\/2023\/12\/pic-2.png&#8221; custom_padding=&#8221;10vh|0|12vh||false|false&#8221; custom_padding_tablet=&#8221;10vh||10vh||false&#8221; custom_padding_phone=&#8221;5vh||5vh||false&#8221; top_divider_style=&#8221;wave2&#8243; top_divider_color=&#8221;rgba(12,113,195,0.11)&#8221; top_divider_height=&#8221;100%&#8221; top_divider_flip=&#8221;horizontal&#8221; bottom_divider_style=&#8221;curve&#8221; bottom_divider_color=&#8221;#ffffff&#8221; bottom_divider_height=&#8221;3vw&#8221; bottom_divider_flip=&#8221;vertical&#8221; global_colors_info=&#8221;{}&#8221;][et_pb_row _builder_version=&#8221;4.16&#8243; global_colors_info=&#8221;{}&#8221;][et_pb_column type=&#8221;4_4&#8243; _builder_version=&#8221;4.16&#8243; custom_padding=&#8221;|||&#8221; global_colors_info=&#8221;{}&#8221; custom_padding__hover=&#8221;|||&#8221;][et_pb_text _builder_version=&#8221;4.16&#8243; text_font=&#8221;||||||||&#8221; ul_font=&#8221;||||||||&#8221; ol_font=&#8221;||||||||&#8221; header_font=&#8221;Vollkorn||||||||&#8221; header_font_size=&#8221;84px&#8221; header_letter_spacing=&#8221;1px&#8221; header_line_height=&#8221;1.2em&#8221; header_2_font=&#8221;Vollkorn||||||||&#8221; header_2_font_size=&#8221;44px&#8221; header_2_letter_spacing=&#8221;1px&#8221; header_2_line_height=&#8221;1.4em&#8221; header_3_font=&#8221;||||||||&#8221; header_4_font=&#8221;||||||||&#8221; header_5_font=&#8221;||||||||&#8221; header_6_font=&#8221;||||||||&#8221; background_layout=&#8221;dark&#8221; max_width=&#8221;800px&#8221; module_alignment=&#8221;left&#8221; custom_margin=&#8221;||20px|&#8221; animation_style=&#8221;slide&#8221; animation_direction=&#8221;left&#8221; animation_intensity_slide=&#8221;2%&#8221; header_font_size_tablet=&#8221;35px&#8221; header_font_size_phone=&#8221;30px&#8221; header_font_size_last_edited=&#8221;on|desktop&#8221; header_2_font_size_tablet=&#8221;35px&#8221; header_2_font_size_phone=&#8221;30px&#8221; header_2_font_size_last_edited=&#8221;on|desktop&#8221; global_colors_info=&#8221;{}&#8221;]<\/p>\n<h1>Impressum<\/h1>\n<h2><\/h2>\n<p>[\/et_pb_text][\/et_pb_column][\/et_pb_row][\/et_pb_section][et_pb_section fb_built=&#8221;1&#8243; _builder_version=&#8221;4.23.1&#8243; _module_preset=&#8221;default&#8221; global_colors_info=&#8221;{}&#8221;][et_pb_row _builder_version=&#8221;4.23.1&#8243; _module_preset=&#8221;default&#8221; global_colors_info=&#8221;{}&#8221;][et_pb_column type=&#8221;4_4&#8243; _builder_version=&#8221;4.23.1&#8243; _module_preset=&#8221;default&#8221; global_colors_info=&#8221;{}&#8221;][et_pb_text _builder_version=&#8221;4.23.1&#8243; _module_preset=&#8221;default&#8221; global_colors_info=&#8221;{}&#8221;]<\/p>\n<p><strong>Datenschutz <\/strong><\/p>\n<p>Der Schutz Ihrer Privatsph\u00e4re ist f\u00fcr V&amp;V Personalverleih von grosser Bedeutung. Wir legen Wert auf einen transparenten Umgang mit Ihren Daten. In der folgenden Datenschutzerkl\u00e4rung informieren wir Sie dar\u00fcber, welche personenbezogenen Daten bei der Nutzung unserer Webseite erfasst werden und wie diese Daten verwendet werden. Wir erl\u00e4utern auch, wie Sie die Dienste Dritter, die auf unserer Webseite eingesetzt werden, deaktivieren k\u00f6nnen.<\/p>\n<p><strong>Geltungsbereich <\/strong><\/p>\n<p>Diese Datenschutzerkl\u00e4rung gilt f\u00fcr alle Seiten, die unter der Domain von V&amp;V Personalverleih gehostet werden. Verweise und Links auf externe Webseiten fallen nicht in unseren Verantwortungsbereich. Der Zugriff und die Nutzung solcher externen Webseiten erfolgt auf Ihr eigenes Risiko.<\/p>\n<p><strong>Personenbezogene Daten <\/strong><\/p>\n<p>Personenbezogene Daten sind Informationen, die sich auf eine identifizierbare nat\u00fcrliche Person beziehen. Dazu z\u00e4hlen beispielsweise Ihr Name, Adresse, Telefonnummer und E-Mail-Adresse.<\/p>\n<p><strong>Daten, die wir speichern <\/strong><\/p>\n<p>Wir speichern unter anderem folgende Daten, wenn Sie unsere Webseite besuchen:<\/p>\n<ul>\n<li>Name der aufgerufenen Webseite<\/li>\n<li>Datum und Uhrzeit des Zugriffs<\/li>\n<li>\u00dcbertragene Datenmenge<\/li>\n<li>Meldung \u00fcber erfolgreichen Abruf<\/li>\n<li>Browsertyp und Version<\/li>\n<li>Betriebssystem<\/li>\n<li>Die vorher besuchte Seite (Referrer URL)<\/li>\n<li>IP-Adresse<\/li>\n<li>Internet-Service-Provider<\/li>\n<\/ul>\n<p>Diese Daten werden ausschlie\u00dflich f\u00fcr statistische Zwecke und zur Verbesserung unseres Webangebots verwendet.<\/p>\n<p><strong>Cookies <\/strong><\/p>\n<p>Cookies sind kleine Dateien, die auf Ihrem Ger\u00e4t gespeichert werden und die Speicherung spezifischer Informationen \u00fcber Ihr Zugriffsger\u00e4t erm\u00f6glichen. Sie dienen der Benutzerfreundlichkeit von Webseiten und damit den Nutzern, beispielsweise durch die Speicherung von Login-Daten. Ausserdem helfen sie uns, statistische Daten zur Webseitennutzung zu erfassen und unser Angebot zu verbessern. Sie k\u00f6nnen den Einsatz von Cookies beeinflussen, indem Sie die Speicherung in Ihrem Browser einschr\u00e4nken oder verhindern. Beachten Sie jedoch, dass die Nutzung unserer Webseite ohne Cookies m\u00f6glicherweise eingeschr\u00e4nkt ist.<\/p>\n<p><strong>Dienste von Dritten <\/strong><\/p>\n<p>Um das Nutzerverhalten zu analysieren und unser Angebot zu verbessern, nutzen wir Dienste von Drittanbietern, die Ihre IP-Adresse verarbeiten k\u00f6nnen. Falls Sie die Verwendung Ihrer Daten durch diese Dienste nicht w\u00fcnschen, besteht die M\u00f6glichkeit, sich bei den jeweiligen Diensten abzumelden (Opt-Out).<\/p>\n<p><strong>Fragen zum Datenschutz <\/strong><\/p>\n<p>Wenn Sie Fragen zu unserer Datenschutzerkl\u00e4rung oder zur Verwendung Ihrer Daten haben, kontaktieren Sie bitte V&amp;V Personalverleih direkt.<\/p>\n<p><strong>Rechtsgrundlage <\/strong><\/p>\n<p>Diese Datenschutzerkl\u00e4rung basiert auf dem Datenschutzgesetz (DSG). Stand Diese Datenschutzerkl\u00e4rung wurde zuletzt am 12.12.2024 aktualisiert.<\/p>\n<p>[\/et_pb_text][\/et_pb_column][\/et_pb_row][\/et_pb_section]<\/p>\n","protected":false},"excerpt":{"rendered":"<p>Impressum Datenschutz Der Schutz Ihrer Privatsph\u00e4re ist f\u00fcr V&amp;V Personalverleih von grosser Bedeutung. Wir legen Wert auf einen transparenten Umgang mit Ihren Daten. In der folgenden Datenschutzerkl\u00e4rung informieren wir Sie dar\u00fcber, welche personenbezogenen Daten bei der Nutzung unserer Webseite erfasst werden und wie diese Daten verwendet werden. Wir erl\u00e4utern auch, wie Sie die Dienste Dritter, [&hellip;]<\/p>\n","protected":false},"author":1,"featured_media":0,"parent":0,"menu_order":0,"comment_status":"closed","ping_status":"closed","template":"","meta":{"_et_pb_use_builder":"on","_et_pb_old_content":"","_et_gb_content_width":"","_monsterinsights_skip_tracking":false,"_monsterinsights_sitenote_active":false,"_monsterinsights_sitenote_note":"","_monsterinsights_sitenote_category":0,"footnotes":""},"aioseo_notices":[],"_links":{"self":[{"href":"https:\/\/vvpersonal.ch\/index.php?rest_route=\/wp\/v2\/pages\/123"}],"collection":[{"href":"https:\/\/vvpersonal.ch\/index.php?rest_route=\/wp\/v2\/pages"}],"about":[{"href":"https:\/\/vvpersonal.ch\/index.php?rest_route=\/wp\/v2\/types\/page"}],"author":[{"embeddable":true,"href":"https:\/\/vvpersonal.ch\/index.php?rest_route=\/wp\/v2\/users\/1"}],"replies":[{"embeddable":true,"href":"https:\/\/vvpersonal.ch\/index.php?rest_route=%2Fwp%2Fv2%2Fcomments&post=123"}],"version-history":[{"count":5,"href":"https:\/\/vvpersonal.ch\/index.php?rest_route=\/wp\/v2\/pages\/123\/revisions"}],"predecessor-version":[{"id":146,"href":"https:\/\/vvpersonal.ch\/index.php?rest_route=\/wp\/v2\/pages\/123\/revisions\/146"}],"wp:attachment":[{"href":"https:\/\/vvpersonal.ch\/index.php?rest_route=%2Fwp%2Fv2%2Fmedia&parent=123"}],"curies":[{"name":"wp","href":"https:\/\/api.w.org\/{rel}","templated":true}]}}